{"id":170,"date":"2022-03-13T11:48:30","date_gmt":"2022-03-13T10:48:30","guid":{"rendered":"http:\/\/artemiscorsetto.eli-sa.it\/?page_id=170"},"modified":"2022-03-13T11:52:41","modified_gmt":"2022-03-13T10:52:41","slug":"misure","status":"publish","type":"page","link":"https:\/\/artemiscorsetto.eli-sa.it\/index.php\/misure\/","title":{"rendered":"Misure"},"content":{"rendered":"\n<p>Il miglior corsetto adatto a te e alle tue esigenze, \u00e8 quello confezionato in base alle tue misure, ecco come farmele avere:<\/p>\n\n\n\n<figure class=\"wp-block-embed is-type-video is-provider-youtube wp-block-embed-youtube wp-embed-aspect-16-9 wp-has-aspect-ratio\"><div class=\"wp-block-embed__wrapper\">\n<iframe loading=\"lazy\" title=\"Misure per un corsetto esclusivo (versione corta)\" width=\"696\" height=\"392\" src=\"https:\/\/www.youtube.com\/embed\/2RMvjkfLtFs?feature=oembed\" frameborder=\"0\" allow=\"accelerometer; autoplay; clipboard-write; encrypted-media; gyroscope; picture-in-picture\" allowfullscreen><\/iframe>\n<\/div><\/figure>\n\n\n\n<p>Il concetto \u00e8 molto semplice: quante pi\u00f9 misure riesci a darmi, tanto meglio riuscir\u00f2 a dare un fitting adeguato. In questa immagine c\u2019\u00e8 il riepilogo delle misure di cui ho bisogno per fare un modello appropriato.<\/p>\n\n\n\n<div class=\"wp-block-image\"><figure class=\"aligncenter size-full is-resized\"><img decoding=\"async\" loading=\"lazy\" src=\"http:\/\/artemiscorsetto.eli-sa.it\/wp-content\/uploads\/2022\/03\/misure.webp\" alt=\"\" class=\"wp-image-171\" width=\"391\" height=\"705\" srcset=\"https:\/\/artemiscorsetto.eli-sa.it\/wp-content\/uploads\/2022\/03\/misure.webp 513w, https:\/\/artemiscorsetto.eli-sa.it\/wp-content\/uploads\/2022\/03\/misure-166x300.webp 166w\" sizes=\"(max-width: 391px) 100vw, 391px\" \/><\/figure><\/div>\n\n\n\n<p><br>Le misure sono di due tipi: circonferenze (a, b, c\u2026)\u00a0 e lineari (1, 2, 3). Nelle immagini seguenti ti spiego come misurarle.<\/p>\n\n\n\n<p>Queste sono le misure necessarie per \u201ccostruire\u201d un corsetto sottoseno (underbust).<\/p>\n\n\n\n<div class=\"wp-block-image\"><figure class=\"aligncenter size-full\"><img decoding=\"async\" loading=\"lazy\" width=\"338\" height=\"600\" src=\"http:\/\/artemiscorsetto.eli-sa.it\/wp-content\/uploads\/2022\/03\/underbust.webp\" alt=\"\" class=\"wp-image-172\" srcset=\"https:\/\/artemiscorsetto.eli-sa.it\/wp-content\/uploads\/2022\/03\/underbust.webp 338w, https:\/\/artemiscorsetto.eli-sa.it\/wp-content\/uploads\/2022\/03\/underbust-169x300.webp 169w\" sizes=\"(max-width: 338px) 100vw, 338px\" \/><\/figure><\/div>\n\n\n\n<p>La circonferenza principale \u00e8 il girovita (A). Per misurarla al meglio, lega un cordino in vita e fate dei piegamenti del busto lateralmente. Il cordino si posizioner\u00e0 nel girovita reale, e quella sar\u00e0 la misura da prendere.<br>La B: circonferenza del sottoseno. Posiziona il metro all\u2019incirca all\u2019altezza della banda del reggiseno, e segna la misura.<br>La C: questa \u00e8 la circonferenza dei fianchi, all\u2019altezza della cresta iliaca (dove si sentono le ossa del bacino)<br>La D: misura opzionale, ma utile per avere un quadro esaustivo. E\u2019 la massima circonferenza dei fianchi.<br>La 1: \u00e8 la misura della linea immaginaria che va\u00a0 dal sottoseno al punto di piegatura delle gambe. Per poterla prendere con esattezza, ti consiglio di usare un righello rigido o comunque tenendo il metro teso, sederti su una superficie rigida, con la schiena dritta, e appoggiare il righello nella piega che forma il busto con le gambe.<br>La 2:\u00a0opzionale, ma utile per determinare la curvatura che accompagna la linea del seno. Si misura dal centro della cassa toracica al punto immaginario centrale del seno.<br>La 3: necessaria per posizionare correttamente il girovita. E\u2019 la misura che va dal cordino, alla circonferenza del sottoseno (attenzione: non \u00e8 legata alla posizione dell&#8217;ombelico).<\/p>\n\n\n\n<p>Queste sono le misure aggiuntive per il modello intero, comprensivo del sostegno per il seno:<\/p>\n\n\n\n<div class=\"wp-block-image\"><figure class=\"aligncenter size-full\"><img decoding=\"async\" loading=\"lazy\" width=\"329\" height=\"599\" src=\"http:\/\/artemiscorsetto.eli-sa.it\/wp-content\/uploads\/2022\/03\/additional-overbust.webp\" alt=\"\" class=\"wp-image-173\" srcset=\"https:\/\/artemiscorsetto.eli-sa.it\/wp-content\/uploads\/2022\/03\/additional-overbust.webp 329w, https:\/\/artemiscorsetto.eli-sa.it\/wp-content\/uploads\/2022\/03\/additional-overbust-165x300.webp 165w\" sizes=\"(max-width: 329px) 100vw, 329px\" \/><\/figure><\/div>\n\n\n\n<p><br>La misura E: \u00e8 la massima circonferenza del seno<br>La F: opzionale, \u00e8 la circonferenza all\u2019altezza delle ascelle, utile per sagomare la parte superiore<br>La 4: linea immaginaria che va dal sottoseno alla circonferenza F. (di solito varia tra i 14 e i 17 centimetri)<\/p>\n\n\n\n<p>Qui di seguito trovi il video con la spiegazione lunga di come misurarsi:<\/p>\n\n\n\n<figure class=\"wp-block-embed is-type-video is-provider-youtube wp-block-embed-youtube wp-embed-aspect-16-9 wp-has-aspect-ratio\"><div class=\"wp-block-embed__wrapper\">\n<iframe loading=\"lazy\" title=\"Prendere le misure per un Corsetto Personalizzato\" width=\"696\" height=\"392\" src=\"https:\/\/www.youtube.com\/embed\/rr5EoRK-YGo?start=1&#038;feature=oembed\" frameborder=\"0\" allow=\"accelerometer; autoplay; clipboard-write; encrypted-media; gyroscope; picture-in-picture\" allowfullscreen><\/iframe>\n<\/div><\/figure>\n","protected":false},"excerpt":{"rendered":"<p>Il miglior corsetto adatto a te e alle tue esigenze, \u00e8 quello confezionato in base alle tue misure, ecco come farmele avere: Il concetto \u00e8 molto semplice: quante pi\u00f9 misure riesci a darmi, tanto meglio riuscir\u00f2 a dare un fitting adeguato. In questa immagine c\u2019\u00e8 il riepilogo delle misure di cui ho bisogno per fare [&hellip;]<\/p>\n","protected":false},"author":1,"featured_media":0,"parent":0,"menu_order":0,"comment_status":"closed","ping_status":"closed","template":"","meta":[],"_links":{"self":[{"href":"https:\/\/artemiscorsetto.eli-sa.it\/index.php\/wp-json\/wp\/v2\/pages\/170"}],"collection":[{"href":"https:\/\/artemiscorsetto.eli-sa.it\/index.php\/wp-json\/wp\/v2\/pages"}],"about":[{"href":"https:\/\/artemiscorsetto.eli-sa.it\/index.php\/wp-json\/wp\/v2\/types\/page"}],"author":[{"embeddable":true,"href":"https:\/\/artemiscorsetto.eli-sa.it\/index.php\/wp-json\/wp\/v2\/users\/1"}],"replies":[{"embeddable":true,"href":"https:\/\/artemiscorsetto.eli-sa.it\/index.php\/wp-json\/wp\/v2\/comments?post=170"}],"version-history":[{"count":4,"href":"https:\/\/artemiscorsetto.eli-sa.it\/index.php\/wp-json\/wp\/v2\/pages\/170\/revisions"}],"predecessor-version":[{"id":178,"href":"https:\/\/artemiscorsetto.eli-sa.it\/index.php\/wp-json\/wp\/v2\/pages\/170\/revisions\/178"}],"wp:attachment":[{"href":"https:\/\/artemiscorsetto.eli-sa.it\/index.php\/wp-json\/wp\/v2\/media?parent=170"}],"curies":[{"name":"wp","href":"https:\/\/api.w.org\/{rel}","templated":true}]}}